 4*s. What is the remainder when 562 is divided by c?
42
Suppose -d = 3, 3*d - 5273 + 426 = -4*o. Calculate the remainder when o is divided by 87.
83
Suppose -5*t - 5*b = -2065, -72*t = -69*t - b - 1255. What is the remainder when t is divided by 110?
87
Suppose 0 = 73*k - 113*k + 3266 - 1106. Calculate the remainder when 1072 is divided by k.
46
Let h(n) = n**3 - 7*n**2 + 2*n - 12. Let o be h(7). Suppose -c + 19 = -o*s, -c - 1 = 5*s - 6. Calculate the remainder when 74 is divided by c.
14
Suppose 30 = -2*x - 3*x. Let j be -2 - x - 0/1. Suppose 0 = w - 2*h - 30, h + j*h - 10 = 0. Calculate the remainder when w is divided by 9.
7
Suppose -3*j - 119 + 35 = 0. Let f be ((-96)/j)/2*42. Let y = 83 - f. What is the remainder when y is divided by 7?
4
Suppose 14*u - 120 = -988. Let n = -30 - u. Calculate the remainder when 85 is divided by n.
21
Suppose 3*m - 1427 = 5*d, -954*d + 956*d + 475 = m. Calculate the remainder when m is divided by 42.
17
Suppose 0 = -5*k - 154*m + 158*m + 532, 6*m = 2*k - 226. What is the remainder when 1967 is divided by k?
95
Let k(o) = -o**2 + 142*o + 1957. Calculate the remainder when 1805 is divided by k(151).
11
Suppose -5*w + 402 = 352. Suppose v = -3*q + 144, 0 = -5*v + w*v - 3*q - 720. What is the remainder when v is divided by 30?
24
Let g be 124 + -4 - (-6 + 1). Let y = -63 + g. Let o(c) = 2*c + 3. What is the remainder when y is divided by o(5)?
10
Let p(n) = n + 3. Let a be p(10). Let z(y) = -3*y - 7. Let l be z(a). Let x = -39 - l. Calculate the remainder when 17 is divided by x.
3
Let w(a) = 12*a - 117. Let z be w(9). Let i = 137 - z. What is the remainder when i is divided by 38?
32
Let v = -89 + 176. Let k(x) = x**3 - 14*x**2 + 15*x - 26. Let f be k(13). Let s(a) = -a**3 - 4*a + 30. What is the remainder when v is divided by s(f)?
27
Suppose 2*l - 24 = 6*n - 2*n, 15 = -3*n. Suppose -10 = m - 4*r, -4*r + 2 = -m - l*r. Calculate the remainder when ((-18)/(-15))/(m/465) is divided by 20.
13
Suppose 2*z - z + 3*u = -10, 0 = -z - 4*u - 15. Suppose 287 = -z*r + 992. What is the remainder when r is divided by 21?
15
Suppose -28*k - 2*l - 16 = -23*k, 0 = -3*k + 4*l + 6. Calculate the remainder when (29 + k)*63/21 is divided by 43.
38
Suppose 64 = -3*b + 7*b. Suppose 9*l + 273 = b*l. Calculate the remainder when l is divided by 21.
18
Suppose -2*i + 19416 = -15*i + 25*i. What is the remainder when i is divided by 11?
1
Suppose 7*j - 171 = 361. Let f = j + -62. Calculate the remainder when 137 is divided by f.
11
Let i(b) = -b**2 + 7*b - 12. Let y be i(5). Let w(l) = -6*l + 10. Let u(s) = -s**2 - 16*s + 24. What is the remainder when u(-7) is divided by w(y)?
21
Let i = 507 - 507. Suppose -949 = -13*q - i*q. Calculate the remainder when q is divided by 16.
9
Let r(k) = -14*k - 1739. Let v(j) = -39*j - 1. Calculate the remainder when r(-157) is divided by v(-2).
74
Let o(y) = 8*y**2 + 99*y + 881. What is the remainder when o(-9) is divided by 34?
26
Suppose -19*m + 83 + 31 = 0. Suppose 34*f - m*f - 532 = 0. Calculate the remainder when 33 is divided by f.
14
Let o = 11482 - 10617. Calculate the remainder when o is divided by 10.
5
Suppose -3*y + 2*n = -17, 4*y - y - 25 = 4*n. Let i(h) = 2*h**3 - 10*h**2 - 22*h + 96. Calculate the remainder when i(6) is divided by y.
0
Let z = 10689 + -10644. Calculate the remainder when 227 is divided by z.
2
Let c(b) = 104*b + 442. Let p(t) be the second derivative of -11*t**3/2 + 2*t**2 - 8*t. What is the remainder when p(-3) is divided by c(-4)?
25
Let x(w) = -2*w**3 + 24*w**2 + 10*w + 9. Let z be x(12). Calculate the remainder when 341 is divided by (-7 - (-200)/30)/((-1)/z).
40
Suppose -29*i + 8945 = 1956. Suppose -2*r + i = 177. What is the remainder when r is divided by 26?
6
Let r = 2708 + -2251. Calculate the remainder when r is divided by 109.
21
Let p be (-1194)/4*(-8)/(-12). Let n = -111 - p. What is the remainder when n is divided by 9?
7
Suppose 8*k - 1328 = 5*k - 5*k. Calculate the remainder when 1820 is divided by k.
160
Let q = 27 - 6. Let m be 1*3 + 11 + -12. Suppose m*b + 7 = 85. Calculate the remainder when b is divided by q.
18
Let r = 120 + -76. Let n = r + -42. Calculate the remainder when 43 is divided by 10/(-15)*33/((-2)/n).
21
Let k(o) = 3*o**2 + 4*o. What is the remainder when 217 is divided by k(2)?
17
Calculate the remainder when 5181 is divided by 1098/2013 + 291/11.
24
Let g(h) = h**3 + 6*h**2 - 10*h - 15. Let r be g(-7). Suppose -7 = -l + 3*j - r*j, 2*l - 3*j - 14 = 0. Calculate the remainder when 61 is divided by l.
5
Suppose 0 = -q + 2*h + 19, 37 = 2*q - 3*h + 4. Suppose -q*i + 3882 = -5631. What is the remainder when i is divided by 46?
45
Suppose 2604 = 3*y - 1912*k + 1913*k, 3*y - 2*k = 2604. What is the remainder when 1749 is divided by y?
13
Suppose -r = -2*w + 518, 5*w - 1256 = -0*w - 4*r. Calculate the remainder when w is divided by 128.
0
Let o(h) = 36*h + 336. Suppose a + 616 = 5*a. Calculate the remainder when a is divided by o(-9).
10
Let z = -7576 + 7589. What is the remainder when 3206 is divided by z?
8
Let s be 2/21 - (-18960)/(-630). Calculate the remainder when 169 is divided by (-28 - s)/((-2)/(-34)).
33
Let i = 580 + -580. Suppose i = -61*o + 72*o - 176. Calculate the remainder when o is divided by 14.
2
Let l = 2223 + -1479. Suppose 4*h - l = -2776. What is the remainder when ((-2)/4)/(2/h) is divided by 32?
31
Let r(c) = -3*c**2 + 102*c - 587. What is the remainder when 287 is divided by r(18)?
10
Let h = 2406 - 2361. Calculate the remainder when (-176 + 2)/(4 - 6) is divided by h.
42
Suppose t = 2*t + 2, -5*x + 5*t + 1045 = 0. What is the remainder when x is divided by 13?
12
Let r = -2075 + 2329. Calculate the remainder when r is divided by 15.
14
Suppose 108 = -19*r - 8*r. Let p be (20/15)/(4/6). Calculate the remainder when 31 is divided by ((-3)/3 - p)*r.
7
Let a(n) be the second derivative of 17*n + 0 + 31/6*n**3 + 13/2*n**2. Calculate the remainder when a(4) is divided by 35.
32
Let x = 84 - 10. Let d = 28 + -38. Calculate the remainder when x is divided by (176/(-40))/(4/d).
8
Let m = -22609 - -23499. What is the remainder when m is divided by 226?
212
Let x = -4964 + 5018. Calculate the remainder when x is divided by 20.
14
Suppose -118 = -5*a + 4*z - 47, 2*a - 3*z = 34. Calculate the remainder when a is divided by 4.
3
Let a = 703 + -700. Suppose -o + 2 = 0, -61 = 2*g + a*o - 189. What is the remainder when g is divided by 4/((-12)/(-63))*1?
19
Let v = 3 + 28. Let m = -129 + 150. Let j = v - m. Calculate the remainder when 48 is divided by j.
8
Let i(q) = -3*q - 25. Let v be i(15). Let k = 71 + v. Calculate the remainder when -47*(k - (-3 - -5)) is divided by 16.
15
Suppose 18*s = -271 + 2035. Let m(w) = -w + 35. Calculate the remainder when s is divided by m(0).
28
Let y = -8107 + 8556. Calculate the remainder when y is divided by 10.
9
Suppose v + 13651 = 5*d, -3*v + 8169 = 10*d - 7*d. What is the remainder when d is divided by 13?
12
Calculate the remainder when (7/8 + 30/240)*1150 is divided by 230.
0
Calculate the remainder when 493 is divided by 93 + -99 + (-9)/6*(-736)/12.
63
Let f(d) = -267*d**3 + 5*d**2 - 35*d - 65. Calculate the remainder when f(-2) is divided by 39.
16
Suppose -4*w + 6*p + 36 = 7*p, 4*w - 5*p = 60. Suppose w*v - 292 - 118 = 0. What is the remainder when 407 is divided by v?
38
Let d = -83 - 252. Let v = d + 377. Calculate the remainder when v is divided by 2 - (-22 + 1/1).
19
Let c(n) = 3*n**3 - 14*n**2 - 33*n + 187. Let z = -1 + -1. Let q(u) = -8*u - 3. Calculate the remainder when c(5) is divided by q(z).
8
Let s = 60 - 0. Calculate the remainder when 110/4*s/10 is divided by 34.
29
Suppose 0 = 12*c - 14*c - 3*h + 932, 3*c = -3*h + 1395. Calculate the remainder when c is divided by 76.
7
Suppose 2*t - 7 = -3, 2*c = -t + 46. Let f be 3/(-15) + c/10 + -6. What is the remainder when (f/12)/((-2)/450) is divided by 19?
18
Let l = 5605 + -5278. Suppose -4 - 37 = -p. Calculate the remainder when l is divided by p.
40
Let k be 3/(-30)*4 - (-44)/10. Suppose 3*y + o - 8 + 0 = 0, -k*o = 2*y + 8. Calculate the remainder when 36 is divided by (4/2 - y/(-4)) + 18.
15
Suppose -20 = -10*w + 30. Suppose 3*f = -w*o + 22, -3*f = -4*f + o + 18. What is the remainder when 25 is divided by f?
11
Let h be -